3?
1
Suppose -3*v + 4*p - 3192 + 14901 = 0, -2*v + 7805 = -3*p. What is the thousands digit of v?
3
Let i = 4608 - 2978. What is the thousands digit of i?
1
Let o be (-1 - (-3 - -4)) + 0. Let n = o + 7. Let p = 32 + n. What is the tens digit of p?
3
Let w = -50 + 270. Suppose 0*z + 2*z + s = 216, 0 = 2*z + 3*s - w. What is the tens digit of z?
0
Let y be (2 - 23)/((-18)/12). Suppose -4*x = 2*v - y, -2*x + 1 = 3*v - 0. Suppose 240 = -0*z + x*z. What is the units digit of z?
8
Let l(g) = g**3 - 4*g**2 - 6*g. Let o be l(5). Let c be 92/o*(-35)/14. Let w = -15 + c. What is the units digit of w?
1
Let y(o) = 1 + 5*o**2 + 3*o**2 + 2*o**2 - 9*o**2. Let s(b) = 3*b**2 + 14*b + 3. Let u(x) = s(x) - 4*y(x). What is the units digit of u(11)?
2
Let q(t) = t**2 + 6*t + 6. Let u be q(-5). Suppose -3*o + 2*z - u = 0, -8 = 4*o - 5*z + 5. What is the units digit of 1*o/((-6)/(-16))?
8
Let b = 18 - 26. Let c(w) = -19*w**2 - 3*w + 5. Let h(f) = 6*f**2 + f - 2. Let m(u) = b*h(u) - 3*c(u). What is the units digit of m(-2)?
5
Let o be (-1)/4 + (-2)/40*-5. What is the units digit of o - -8*(27/6 + 2)?
2
Suppose -v + 6 + 38 = 0. Suppose 5*p = 4*c - 37, 2*c = 7*c - 4*p - v. What is the units digit of c?
8
Suppose -5*o = -17 + 2. Suppose k - o = 12. What is the tens digit of k?
1
Let z(q) = q**3 - 6*q**2 - 128*q - 29. What is the hundreds digit of z(17)?
9
Suppose 2*d + 4*i = 7*d - 7946, 4762 = 3*d - i. What is the units digit of d?
6
Suppose 2*x + 19 = 4*c - x, -5*x - 25 = 0. Let k be c/(2/(-16 + 4)). What is the units digit of (k/9)/(8/(-612))?
1
Let g(w) = -w**2 - 4*w + 1. Let j be g(-3). Suppose -j*r = -9 - 23. What is the units digit of r?
8
Let n be 28/154 - 4/22. Let p(f) = -f**3 + f**2 - f + 26. Let m be p(n). Suppose -16 = -4*b + 5*x, -5*x + 73 = 3*b + m. What is the units digit of b?
9
Suppose -3*x + 3*j - 170 = -2*j, x - 5*j + 50 = 0. Let k = -8 - x. What is the tens digit of k?
5
Let c be (-1570)/(-50) - (-4)/(-10). Let x = c + -94. What is the units digit of (-1)/2 - x/2?
1
Let h be 3 + (-3100)/(-24) - (-1)/(-6). Let y = -89 + h. What is the tens digit of y?
4
Suppose 3150 = -28*r + 35*r. What is the units digit of r?
0
Let t(l) = -2*l + 9. Let n be (-42)/(-7) - (2 - -1). Let r be t(n). Suppose r*g = -2*k + 111, 0 = -g + 2*g + 2*k - 41. What is the tens digit of g?
3
Let x = 2535 + -1505. What is the thousands digit of x?
1
Suppose 0 = 64*z - 62*z - 964. What is the hundreds digit of z?
4
Let y(z) = 7*z**2 + 4*z + 36. Let p be y(11). Suppose 4*u - 16 = 0, -218 + p = 5*r + u. What is the tens digit of r?
4
Let g(r) = r**2 + 5*r - 44. Let v be g(-15). Let s = v - -121. What is the units digit of s?
7
Let u = -7 - -10. Let i be 2*6/u + 0. Suppose -i*g + 25 = m - 3*g, -4*g = 2*m - 44. What is the tens digit of m?
2
Let t(o) = -15*o - 1. Let r be 350/(-28)*8/5. Let s = 18 + r. What is the units digit of t(s)?
9
Let q = 145 + -7. Let o = q + -54. What is the units digit of o?
4
Let z(a) be the second derivative of a**5/10 - 5*a**4/12 + 2*a**3/3 + a**2/2 + a. Let g be z(3). What is the units digit of g/121 - (-416)/11?
8
Let h = 152 + 267. What is the hundreds digit of h?
4
What is the tens digit of (-27075)/(-21) + 2/(-7)?
8
Let f(i) = -19*i - 50. What is the tens digit of f(-11)?
5
Let u(o) = o**2 - o + 1. Let s(w) = 2*w**2 - 12*w + 21. Let h(k) = -s(k) + 4*u(k). What is the units digit of h(-8)?
7
Let g(a) = 18*a**2 - 16*a - 10. What is the hundreds digit of g(-3)?
2
Suppose -51 = -3*o + 48. What is the units digit of 86/10 + o/(-55)?
8
Suppose -4*m + 2*m + 8 = 0. Suppose -3*h + a + 494 = -h, 0 = h - m*a - 233. What is the tens digit of h?
4
Suppose -r = -0*r - 5*y - 400, -1505 = -4*r + y. Suppose -p + r = 4*p. What is the units digit of p?
5
Let v = 0 + -5. What is the units digit of (-3)/(-6) - (305/2)/v?
1
Let t be (-6)/4*(970/(-15) - 4). Let j = t + -90. What is the units digit of j?
3
Suppose 2*g + 2*w - w - 580 = 0, 0 = 5*g - 3*w - 1428. Suppose 16*r = 13*r + g. What is the tens digit of r?
9
Let l be 6 + -4 - (-2 + -44). Suppose 4*o + 251 = 4*h - 21, -l = -h - 4*o. What is the tens digit of h?
6
Let b(n) = 15*n - 13. Let w be b(3). Suppose 0 = -5*f + 2*o - 6*o - 87, 0 = -5*f + 5*o - 60. Let t = f + w. What is the units digit of t?
7
Suppose -564 + 58 = -q. What is the hundreds digit of q?
5
Let h = 0 - -3. Suppose 2*g = 2*y - 2 + 10, -2*g + 7 = -h*y. Suppose o + 5 - 17 = -u, -g*o - 48 = -4*u. What is the units digit of u?
2
Let y = -87 + 681. What is the tens digit of y?
9
Suppose -10*n = 5*n - 120. What is the hundreds digit of n/3*-214*(-9)/24?
2
Suppose -3*i + 29 = 4*m, 3*i + 8*m - 34 = 3*m. Suppose -2*t - 5 = 2*v - v, -i*t = -3*v + 12. What is the units digit of t/6*(-2 - 6)?
4
Let r be (-2 + 6)*1 - -4. Suppose 2*p - r - 38 = 0. What is the tens digit of p?
2
Suppose 6*z - 10*z = -4. Let w(r) = 3*r + 1. Let v(y) = -y. Let q(n) = z*w(n) + v(n). What is the units digit of q(1)?
3
Suppose 8*p - 995 = -147. What is the units digit of p?
6
Let o = 23 - 35. What is the units digit of 3/o - (-197)/4?
9
Let b = 302 + 83. What is the units digit of b?
5
Let x = 37 - 56. Let o = 7 - x. What is the tens digit of o?
2
Suppose -38*x + 42723 + 18077 = 0. What is the thousands digit of x?
1
Suppose -2*d - 3*q = -4*q + 10, 0 = 3*d - 2*q + 13. Let h be d/((5 - 1)/(-60)). Suppose 0 = g + 4*g - h. What is the units digit of g?
1
Let h(o) = -o**3 - 4*o**2 + 16*o - 7. Let f be h(-7). Let v be 2*-1 + 0 - 6. What is the tens digit of 2/v - (-399)/f?
1
Let c(v) = -2*v**2 + 39*v + 370. What is the units digit of c(0)?
0
Let t be 5 + -1 + 1/1. Suppose 0 = t*i - 4*i - 68. Suppose 0*w - 2*w = -i. What is the units digit of w?
4
Let j be ((-15)/10)/(2/(-108)). Suppose j = -2*w + 1. What is the units digit of ((-12)/10)/(16/w)?
3
Let q be (-2)/5 + (-24)/(-10). Suppose 32 = 4*z - 5*m, q*m = z - m - 1. What is the units digit of z?
3
Suppose 2*w - 4*k = 6*w, 5*w = k + 18. What is the units digit of 10/w*27/15?
6
Let b = 181 - -414. What is the tens digit of b?
9
Let u = 114 + -111. Suppose -3*s = -4*v - 384, -4*s = u*v - 0*v - 512. What is the units digit of s?
8
Suppose 0 = -h - u + 5*u + 37, -4*u + 89 = 5*h. Suppose -15*d = -h*d + 186. What is the tens digit of d?
3
Let p(d) = -5*d + 941. What is the tens digit of p(61)?
3
Let p = 55 - 43. What is the units digit of (618/p)/((-1)/(2 - 4))?
3
Suppose 0 = 27*l - 65228 - 75550. What is the hundreds digit of l?
2
Suppose 1288 = 5*m - 1187. What is the units digit of m?
5
Suppose 2*p - 7 - 185 = 0. What is the units digit of p?
6
What is the hundreds digit of 7866/15 - (-2)/25*-5?
5
Let k = -6 - -8. Suppose k*g + 24 = 6*g. What is the units digit of (-843)/(-18) + 1/g?
7
Let c(k) = -16*k - 84. Let v(z) = 2*z + 25. Let x be v(-20). What is the hundreds digit of c(x)?
1
Suppose 4*i - 576 = -96. Suppose 0*y - i = -2*y. What is the tens digit of y?
6
Suppose 0*q - 22 = -2*q. Let z = -15 + q. What is the tens digit of 12 + z*(-4)/8?
1
Let o(h) = -h**3 + 11*h**2 - 9*h + 21. Let v be -1 + 10 - 2/1. What is the units digit of o(v)?
4
Let g = -47 - -151. Suppose -p - g = -3*p. What is the units digit of p?
2
Suppose -19435 = -55*y + 42*y. What is the units digit of y?
5
Suppose 0 = 5*k - 3*t - 9, -3*t = k - 5 - 4. Suppose -5*b + 202 = m - 0*m, -2*m = k*b - 411. What is the units digit of m?
7
Let u = 17 - 12. Let l(n) = 3*n - 5. Let t be l(u). Let z(v) = v**3 - 9*v**2 - 7*v - 1. What is the units digit of z(t)?
9
Let u be (-450)/105 - 4/(-14). What is the units digit of 198/(0 + u/(-2))?
9
Suppose 2*q + 2*u - 3*u - 5 = 0, 0 = q + u - 7. Suppose f = q*g + 23, -2*f - 3*g + 50 + 29 = 0. What is the tens digit of f?
3
What is the hundreds digit of -2*5/2*1 - -1290?
2
Suppose 10*f - 1218 = 342. What is the units digit of (-4)/((34/f)/(-17))?
2
Let d = 2719 - 1549. Suppose -5*u = 5*l - d, -l = -u + 4*u - 698. What is the units digit of u?
2
Let c be 21 + (3 + -7)*3/(-12). Suppose 0 = 8*s - 4*s + 64. Let u = s + c. What is the units digit of u?
6
Let t(w) = w - 10. Let k be t(10). Suppose 2*v = 4*m + 114, -2*v - 5*m - 35 + 149 = k. What is the units digit of v?
7
Suppose 4*k - 8*k = -5*y + 6617, 2*k + 6 = 0. What is the tens digit of y?
2
Let c(n) = 9*n**3 + n**2 - 1. Let a be c(1). Let k(y) = 0*y + 0*y - 44 + 24 + 4*y + y. What is the tens digi